{"id":973,"date":"2019-05-12T10:25:15","date_gmt":"2019-05-12T08:25:15","guid":{"rendered":"https:\/\/www.zeterinaires.fr\/nofakemed\/index.php\/membership-login\/"},"modified":"2019-06-23T10:12:54","modified_gmt":"2019-06-23T08:12:54","slug":"membership-login","status":"publish","type":"page","link":"https:\/\/www.zeterinaires.fr\/nofakemed\/membership-login\/","title":{"rendered":"Identifiant du membre (login)"},"content":{"rendered":"<p>[swpm_login_form]<\/p>\n","protected":false},"excerpt":{"rendered":"<p>[swpm_login_form]<\/p>\n","protected":false},"author":1,"featured_media":0,"parent":0,"menu_order":0,"comment_status":"closed","ping_status":"closed","template":"","meta":{"iawp_total_views":1,"footnotes":""},"class_list":["post-973","page","type-page","status-publish","hentry"],"yoast_head":"<!-- This site is optimized with the Yoast SEO plugin v27.3 - https:\/\/yoast.com\/product\/yoast-seo-wordpress\/ -->\n<title>Identifiant du membre (login) - Z\u00e9t\u00e9rinaires<\/title>\n<meta name=\"robots\" content=\"index, follow, max-snippet:-1, max-image-preview:large, max-video-preview:-1\" \/>\n<link rel=\"canonical\" href=\"https:\/\/www.zeterinaires.fr\/nofakemed\/membership-login\/\" \/>\n<meta property=\"og:locale\" content=\"fr_FR\" \/>\n<meta property=\"og:type\" content=\"article\" \/>\n<meta property=\"og:title\" content=\"Identifiant du membre (login) - Z\u00e9t\u00e9rinaires\" \/>\n<meta property=\"og:description\" content=\"[swpm_login_form]\" \/>\n<meta property=\"og:url\" content=\"https:\/\/www.zeterinaires.fr\/nofakemed\/membership-login\/\" \/>\n<meta property=\"og:site_name\" content=\"Z\u00e9t\u00e9rinaires\" \/>\n<meta property=\"article:publisher\" content=\"https:\/\/www.facebook.com\/zeterinaires\/\" \/>\n<meta property=\"article:modified_time\" content=\"2019-06-23T08:12:54+00:00\" \/>\n<meta property=\"og:image\" content=\"https:\/\/www.zeterinaires.fr\/nofakemed\/wp-content\/uploads\/2019\/04\/z\u00e9t\u00e9rinaires-version-bleue-1px-bl.png\" \/>\n\t<meta property=\"og:image:width\" content=\"1421\" \/>\n\t<meta property=\"og:image:height\" content=\"866\" \/>\n\t<meta property=\"og:image:type\" content=\"image\/png\" \/>\n<meta name=\"twitter:card\" content=\"summary_large_image\" \/>\n<meta name=\"twitter:site\" content=\"@zeterinaires\" \/>\n<script type=\"application\/ld+json\" class=\"yoast-schema-graph\">{\"@context\":\"https:\\\/\\\/schema.org\",\"@graph\":[{\"@type\":\"WebPage\",\"@id\":\"https:\\\/\\\/www.zeterinaires.fr\\\/nofakemed\\\/membership-login\\\/\",\"url\":\"https:\\\/\\\/www.zeterinaires.fr\\\/nofakemed\\\/membership-login\\\/\",\"name\":\"Identifiant du membre (login) - Z\u00e9t\u00e9rinaires\",\"isPartOf\":{\"@id\":\"https:\\\/\\\/www.zeterinaires.fr\\\/nofakemed\\\/#website\"},\"datePublished\":\"2019-05-12T08:25:15+00:00\",\"dateModified\":\"2019-06-23T08:12:54+00:00\",\"breadcrumb\":{\"@id\":\"https:\\\/\\\/www.zeterinaires.fr\\\/nofakemed\\\/membership-login\\\/#breadcrumb\"},\"inLanguage\":\"fr-FR\",\"potentialAction\":[{\"@type\":\"ReadAction\",\"target\":[\"https:\\\/\\\/www.zeterinaires.fr\\\/nofakemed\\\/membership-login\\\/\"]}]},{\"@type\":\"BreadcrumbList\",\"@id\":\"https:\\\/\\\/www.zeterinaires.fr\\\/nofakemed\\\/membership-login\\\/#breadcrumb\",\"itemListElement\":[{\"@type\":\"ListItem\",\"position\":1,\"name\":\"Accueil\",\"item\":\"https:\\\/\\\/www.zeterinaires.fr\\\/nofakemed\\\/\"},{\"@type\":\"ListItem\",\"position\":2,\"name\":\"Identifiant du membre (login)\"}]},{\"@type\":\"WebSite\",\"@id\":\"https:\\\/\\\/www.zeterinaires.fr\\\/nofakemed\\\/#website\",\"url\":\"https:\\\/\\\/www.zeterinaires.fr\\\/nofakemed\\\/\",\"name\":\"Z\u00e9t\u00e9rinaires\",\"description\":\"Collectif V\u00e9t\u00e9rinaire #NoFakeMed\",\"publisher\":{\"@id\":\"https:\\\/\\\/www.zeterinaires.fr\\\/nofakemed\\\/#organization\"},\"potentialAction\":[{\"@type\":\"SearchAction\",\"target\":{\"@type\":\"EntryPoint\",\"urlTemplate\":\"https:\\\/\\\/www.zeterinaires.fr\\\/nofakemed\\\/?s={search_term_string}\"},\"query-input\":{\"@type\":\"PropertyValueSpecification\",\"valueRequired\":true,\"valueName\":\"search_term_string\"}}],\"inLanguage\":\"fr-FR\"},{\"@type\":\"Organization\",\"@id\":\"https:\\\/\\\/www.zeterinaires.fr\\\/nofakemed\\\/#organization\",\"name\":\"Z\u00e9t\u00e9rinaires\",\"url\":\"https:\\\/\\\/www.zeterinaires.fr\\\/nofakemed\\\/\",\"logo\":{\"@type\":\"ImageObject\",\"inLanguage\":\"fr-FR\",\"@id\":\"https:\\\/\\\/www.zeterinaires.fr\\\/nofakemed\\\/#\\\/schema\\\/logo\\\/image\\\/\",\"url\":\"https:\\\/\\\/www.zeterinaires.fr\\\/nofakemed\\\/wp-content\\\/uploads\\\/2020\\\/03\\\/cropped-LOGO_ZETES_NEW_PETIT.png\",\"contentUrl\":\"https:\\\/\\\/www.zeterinaires.fr\\\/nofakemed\\\/wp-content\\\/uploads\\\/2020\\\/03\\\/cropped-LOGO_ZETES_NEW_PETIT.png\",\"width\":200,\"height\":116,\"caption\":\"Z\u00e9t\u00e9rinaires\"},\"image\":{\"@id\":\"https:\\\/\\\/www.zeterinaires.fr\\\/nofakemed\\\/#\\\/schema\\\/logo\\\/image\\\/\"},\"sameAs\":[\"https:\\\/\\\/www.facebook.com\\\/zeterinaires\\\/\",\"https:\\\/\\\/x.com\\\/zeterinaires\"]}]}<\/script>\n<!-- \/ Yoast SEO plugin. -->","yoast_head_json":{"title":"Identifiant du membre (login) - Z\u00e9t\u00e9rinaires","robots":{"index":"index","follow":"follow","max-snippet":"max-snippet:-1","max-image-preview":"max-image-preview:large","max-video-preview":"max-video-preview:-1"},"canonical":"https:\/\/www.zeterinaires.fr\/nofakemed\/membership-login\/","og_locale":"fr_FR","og_type":"article","og_title":"Identifiant du membre (login) - Z\u00e9t\u00e9rinaires","og_description":"[swpm_login_form]","og_url":"https:\/\/www.zeterinaires.fr\/nofakemed\/membership-login\/","og_site_name":"Z\u00e9t\u00e9rinaires","article_publisher":"https:\/\/www.facebook.com\/zeterinaires\/","article_modified_time":"2019-06-23T08:12:54+00:00","og_image":[{"width":1421,"height":866,"url":"https:\/\/www.zeterinaires.fr\/nofakemed\/wp-content\/uploads\/2019\/04\/z\u00e9t\u00e9rinaires-version-bleue-1px-bl.png","type":"image\/png"}],"twitter_card":"summary_large_image","twitter_site":"@zeterinaires","schema":{"@context":"https:\/\/schema.org","@graph":[{"@type":"WebPage","@id":"https:\/\/www.zeterinaires.fr\/nofakemed\/membership-login\/","url":"https:\/\/www.zeterinaires.fr\/nofakemed\/membership-login\/","name":"Identifiant du membre (login) - Z\u00e9t\u00e9rinaires","isPartOf":{"@id":"https:\/\/www.zeterinaires.fr\/nofakemed\/#website"},"datePublished":"2019-05-12T08:25:15+00:00","dateModified":"2019-06-23T08:12:54+00:00","breadcrumb":{"@id":"https:\/\/www.zeterinaires.fr\/nofakemed\/membership-login\/#breadcrumb"},"inLanguage":"fr-FR","potentialAction":[{"@type":"ReadAction","target":["https:\/\/www.zeterinaires.fr\/nofakemed\/membership-login\/"]}]},{"@type":"BreadcrumbList","@id":"https:\/\/www.zeterinaires.fr\/nofakemed\/membership-login\/#breadcrumb","itemListElement":[{"@type":"ListItem","position":1,"name":"Accueil","item":"https:\/\/www.zeterinaires.fr\/nofakemed\/"},{"@type":"ListItem","position":2,"name":"Identifiant du membre (login)"}]},{"@type":"WebSite","@id":"https:\/\/www.zeterinaires.fr\/nofakemed\/#website","url":"https:\/\/www.zeterinaires.fr\/nofakemed\/","name":"Z\u00e9t\u00e9rinaires","description":"Collectif V\u00e9t\u00e9rinaire #NoFakeMed","publisher":{"@id":"https:\/\/www.zeterinaires.fr\/nofakemed\/#organization"},"potentialAction":[{"@type":"SearchAction","target":{"@type":"EntryPoint","urlTemplate":"https:\/\/www.zeterinaires.fr\/nofakemed\/?s={search_term_string}"},"query-input":{"@type":"PropertyValueSpecification","valueRequired":true,"valueName":"search_term_string"}}],"inLanguage":"fr-FR"},{"@type":"Organization","@id":"https:\/\/www.zeterinaires.fr\/nofakemed\/#organization","name":"Z\u00e9t\u00e9rinaires","url":"https:\/\/www.zeterinaires.fr\/nofakemed\/","logo":{"@type":"ImageObject","inLanguage":"fr-FR","@id":"https:\/\/www.zeterinaires.fr\/nofakemed\/#\/schema\/logo\/image\/","url":"https:\/\/www.zeterinaires.fr\/nofakemed\/wp-content\/uploads\/2020\/03\/cropped-LOGO_ZETES_NEW_PETIT.png","contentUrl":"https:\/\/www.zeterinaires.fr\/nofakemed\/wp-content\/uploads\/2020\/03\/cropped-LOGO_ZETES_NEW_PETIT.png","width":200,"height":116,"caption":"Z\u00e9t\u00e9rinaires"},"image":{"@id":"https:\/\/www.zeterinaires.fr\/nofakemed\/#\/schema\/logo\/image\/"},"sameAs":["https:\/\/www.facebook.com\/zeterinaires\/","https:\/\/x.com\/zeterinaires"]}]}},"_links":{"self":[{"href":"https:\/\/www.zeterinaires.fr\/nofakemed\/wp-json\/wp\/v2\/pages\/973","targetHints":{"allow":["GET"]}}],"collection":[{"href":"https:\/\/www.zeterinaires.fr\/nofakemed\/wp-json\/wp\/v2\/pages"}],"about":[{"href":"https:\/\/www.zeterinaires.fr\/nofakemed\/wp-json\/wp\/v2\/types\/page"}],"author":[{"embeddable":true,"href":"https:\/\/www.zeterinaires.fr\/nofakemed\/wp-json\/wp\/v2\/users\/1"}],"replies":[{"embeddable":true,"href":"https:\/\/www.zeterinaires.fr\/nofakemed\/wp-json\/wp\/v2\/comments?post=973"}],"version-history":[{"count":0,"href":"https:\/\/www.zeterinaires.fr\/nofakemed\/wp-json\/wp\/v2\/pages\/973\/revisions"}],"wp:attachment":[{"href":"https:\/\/www.zeterinaires.fr\/nofakemed\/wp-json\/wp\/v2\/media?parent=973"}],"curies":[{"name":"wp","href":"https:\/\/api.w.org\/{rel}","templated":true}]}}